4. Calculate g(3).
-38
Let n(m) = -m**3 + 2*m**2 - m - 5. What is n(3)?
-17
Let m(z) = -z**2 - z - 3. Give m(0).
-3
Let g(f) = -f**2 - 57*f. Give g(-57).
0
Let c(j) = 2*j**2 + 4*j - 5. Give c(-5).
25
Let j(c) = -2*c**3 + 9*c**2 - 5*c - 5. Determine j(4).
-9
Let j(x) = 5*x + 36. Calculate j(-7).
1
Let j(r) = -r**3 - r + 12. Give j(0).
12
Let u(c) = -60*c + 1193. Determine u(20).
-7
Let u(y) = 123*y**3 - y**2 + 1. Calculate u(-1).
-123
Let a(g) = g**2 + 27*g + 94. Determine a(-23).
2
Let y(a) = -a**3 - 8*a**2 + 5*a + 2. What is y(-8)?
-38
Let b(p) = p**3 - 6*p**2 + 2*p + 12. Calculate b(4).
-12
Let w(r) = -r**3 - 5*r**2 + 7*r - 3. Give w(-6).
-9
Let x(d) = d - 16. What is x(-14)?
-30
Let y(d) = 7*d + 23. What is y(-3)?
2
Let d(m) = m**2 - 4*m - 14. Determine d(7).
7
Let z(x) = 8*x - 456. What is z(56)?
-8
Let z(q) = q**3 - q + 43. What is z(0)?
43
Let b(r) = 2*r**2 + r - 6. Give b(4).
30
Let w(y) = y**3 - y**2. Give w(0).
0
Let m(w) = 17*w + 6. Determine m(-2).
-28
Let n(y) = -9*y**2 - 2*y. Determine n(-1).
-7
Let y(h) = h**2 - 7*h - 3. What is y(10)?
27
Let z(o) = 5*o**2 + 2*o + 1. Calculate z(-3).
40
Let k(d) = d**3 - d**2 - 8*d - 2. What is k(-2)?
2
Let o(p) = -9*p - 14. Give o(0).
-14
Let u(b) = 4*b**2 - 12. Give u(-2).
4
Let h(k) = 2*k**3 - 12*k**2 - 7*k + 39. What is h(6)?
-3
Let j(y) = y. What is j(3)?
3
Let a(n) = n**3 + n**2 + 7*n + 19. Calculate a(0).
19
Let a(t) = t**2 - 18*t - 29. Determine a(20).
11
Let v(p) = p**2 - 14*p - 90. Give v(-5).
5
Let z(u) = 3*u + 30. Determine z(31).
123
Let x(j) = -j**2 - 22*j - 40. Determine x(-20).
0
Let g(q) = 10*q**3 - 2*q**2 - q. Give g(-1).
-11
Let x(k) = -20*k**2 - 5*k + 10. Calculate x(2).
-80
Let l(i) = 6*i**2 - 1. Give l(-2).
23
Let c(h) = h**2 + 10*h - 27. Give c(-12).
-3
Let m(d) = 4*d**2 - 3*d - 4. Calculate m(3).
23
Let o(x) = 3*x**3 - 10*x**2 + x - 2. Calculate o(3).
-8
Let t(v) = -9*v - 5. What is t(-1)?
4
Let f(j) = -2*j**2 + j + 2. Calculate f(2).
-4
Let m(a) = 5*a**2 + 3*a - 12. Determine m(-2).
2
Let r(o) = -o**3 - 7*o**2 - 3*o - 3. Determine r(-5).
-38
Let i(h) = h**3 + 27*h**2 + 30*h + 102. What is i(-26)?
-2
Let c(t) = -9*t - 85. Give c(-9).
-4
Let a(o) = -3*o - 26. Calculate a(-7).
-5
Let c(l) = -l**2 - 12*l + 42. Calculate c(-18).
-66
Let u(g) = g**3 - 3*g**2 - 7*g - 17. What is u(5)?
-2
Let z(i) = -i**2 - 3*i + 5. Determine z(-5).
-5
Let h(f) = f**2 - 4*f + 17. Give h(5).
22
Let m(l) = 3*l**2 + 10*l - 1. Calculate m(-5).
24
Let z(m) = -m**2 - 20*m - 86. Give z(-8).
10
Let c(o) = -6*o**2 - 5*o + 5. Give c(1).
-6
Let f(k) = k**2 + 15*k + 27. Give f(-13).
1
Let q(c) = -c**3 - 4*c**2 - 5*c + 4. Determine q(-3).
10
Let c(u) = -4*u - 8. Determine c(-7).
20
Let u(m) = -m**3 + m**2 + 4*m - 1. What is u(2)?
3
Let s(x) = x**3 - 13*x**2 + 10*x + 18. Calculate s(12).
-6
Let q(y) = -y**3 - 6*y**2 + 9*y + 7. Determine q(-7).
-7
Let p(s) = -s**2 + 13*s - 3. Determine p(8).
37
Let l(x) = x**3 - 15*x**2 - 15*x - 12. Determine l(16).
4
Let n(b) = b**3 - 6*b**2 - 9*b + 20. Calculate n(7).
6
Let l(z) = z**2 + 4*z + 6. Calculate l(5).
51
Let w(r) = r**3 - 2*r**2 - 2*r - 4. What is w(4)?
20
Let x(g) = -g**3 + 9*g**2 - 3*g - 3. Calculate x(9).
-30
Let i(g) = -g**3 + 18*g**2 - 17*g - 18. Determine i(17).
-18
Let a(j) = j + 4. Give a(8).
12
Let d(f) = -f**2 + 3*f + 5. Determine d(5).
-5
Let o(d) = -d**3 - 6*d**2 + 17*d - 14. Give o(-8).
-22
Let q(j) = -j**2 - 15*j - 8. Give q(-14).
6
Let l(i) = i - 9. Calculate l(10).
1
Let k(i) = -36*i - 289. What is k(-8)?
-1
Let j(t) = 5*t - 3. Determine j(3).
12
Let k(x) = -52*x + 4. Calculate k(-3).
160
Let s(y) = y**2 - 10*y + 45. What is s(0)?
45
Let r(o) = -9*o - 95. Calculate r(-12).
13
Let k(g) = g**3 + 7*g**2 + 3*g - 5. Give k(-5).
30
Let u(v) = v**3 - 8*v**2 + 3*v + 11. Determine u(7).
-17
Let b(a) = -a**3 + 25*a**2 - 26*a + 63. What is b(24)?
15
Let f(t) = t**3 + t**2 - 8*t - 15. What is f(-2)?
-3
Let q(n) = -n**3 + 8*n**2 + n + 7. Determine q(8).
15
Let u(c) = 3*c + 51. What is u(-17)?
0
Let k(t) = t + 7. What is k(-5)?
2
Let l(f) = 32*f - 22. Calculate l(2).
42
Let l(c) = -c**3 + 5*c**2 + 2*c + 6. Give l(5).
16
Let n(a) = 7*a + 107. Calculate n(-14).
9
Let c(q) = -15*q + 44. Calculate c(3).
-1
Let t(h) = -h**3 - 4*h**2 + 7. Determine t(-3).
-2
Let w(r) = -49*r**3 - 2*r**2 + 1. Give w(-1).
48
Let d(a) = -a - 12. Give d(-1).
-11
Let t(l) = -l**3 - 10*l**2 - 10*l - 6. Give t(-9).
3
Let t(h) = -10*h + 44. Give t(6).
-16
Let b(w) = -w**3 - w**2 + 2*w + 52. Give b(0).
52
Let o(w) = -2*w**2 + 7*w + 9. Calculate o(7).
-40
Let o(a) = -a**3 + 10*a**2 + 2*a - 27. Calculate o(10).
-7
Let w(f) = f**3 - 3*f**2 - 6*f + 8. What is w(5)?
28
Let l(v) = -2*v**3 + 10*v**2 - 2*v + 5. Determine l(5).
-5
Let g(t) = t + 40. Determine g(-41).
-1
Let d(x) = -x**3 - 2*x**2 + 2*x + 1. What is d(-1)?
-2
Let u(h) = h**2 - h - 4. What is u(4)?
8
Let y(l) = -l**3 - 7*l**2 + 2*l + 13. Calculate y(-7).
-1
Let d(v) = -7*v - 50. Give d(-6).
-8
Let d(f) = -5*f**2 + 61*f - 12. Determine d(12).
0
Let n(h) = 27*h**3 - 2*h**2 + h + 2. Determine n(-1).
-28
Let z(h) = 2*h + 11. Calculate z(14).
39
Let i(f) = f**3 + f**2 + 2*f - 5. Determine i(0).
-5
Let u(k) = k**3 - 15*k**2 + 13*k + 2. Give u(14).
-12
Let a(t) = 18*t - 6. What is a(2)?
30
Let k(v) = v**2 - 39*v + 4. Give k(39).
4
Let b(c) = 6*c - 43. Determine b(6).
-7
Let a(w) = w**3 + 2*w**2 - 3*w + 1. What is a(-3)?
1
Let t(p) = -6*p + 85. Give t(14).
1
Let a(r) = 3*r + 16. Determine a(-8).
-8
Let v(i) = i**3 + 14*i**2 + 9*i - 4. What is v(-13)?
48
Let n(u) = u**3 + 10*u**2 + 4*u + 20. Calculate n(-7).
139
Let q(i) = -4*i - 2. Determine q(4).
-18
Let q(p) = -6*p + 23. What is q(-3)?
41
Let p(q) = -q**2 + 6*q - 1. Determine p(6).
-1
Let p(y) = 3*y - 4. Calculate p(4).
8
Let g(o) = -2*o - 8. What is g(-2)?
-4
Let a(w) = w**2 - 4*w - 9. Calculate a(-2).
3
Let x(v) = -2*v**2 - 11*v - 36. Calculate x(-6).
-42
Let c(y) = y**2 - 2*y - 2. Calculate c(3).
1
Let j(g) = g**3 + 17*g**2 + 25*g - 78. Give j(-15).
-3
Let g(r) = 4*r + 11. Give g(-3).
-1
Let h(f) = -111*f - 675. Give h(-6).
-9
Let y(x) = -x**2 - 30*x - 35. Determine y(-29).
-6
Let t(i) = -2*i**3 - 10*i**2 - 3*i - 7. Calculate t(-5).
8
Let k(c) = -c**3 + 8*c**2 + c - 1. Give k(8).
7
Let n(c) = -19*c**2 + c. Determine n(-1).
-20
Let h(o) = 4*o - 11. What is h(16)?
53
Let y(r) = -r**3 + 5*r**2 + 5*r + 1. Give y(6).
-5
Let t(f) = -2*f**3 + 27*f**2 - 14*f + 7. Determine t(13).
-6
Let m(r) = 18*r + 135. Calculate m(-10).
-45
Let j(n) = 2*n**2 - 13*n + 6. Calculate j(5).
-9
Let n(a) = 10*a - 47. Determine n(-18).
-227
Let j(d) = -4*d - 6. What is j(3)?
-18
Let a(y) = -y**3 + 10*y**2 - 13*y - 33. Determine a(8).
-9
Let t(p) = -14*p - 1. What is t(-1)?
13
Let l(g) = 3*g - 4. Determine l(-3).
-13
Let p(b) = b**2 + 48*b - 209. Determine p(-52).
-1
Let z(j) = j**2 + j + 5. Determine z(-4).
17
Let t(u) = -60*u**3 + u**2 + u - 1. What is t(1)?
-59
Let q(w) = 4*w + 10. Give q(-5).
-10
Let m(x) = 26*x + 240. Give m(-9).
6
Let i(d) = -d**2 - 3*d + 5. What is i(-5)?
-5
Let b(j) = -j**3 + 4*j**2 - 14. Calculate b(4).
-14
Let x(a) = 13*a**2 + 2*a + 1. Determine x(-2).
49
Let i(m) = m**2 + 8*m - 46. What is i(4)?
2
Let m(f) = f**3 - 11*f**2 + 13*f + 15. Determine m(9).
-30
Let u(d) = -4*d**3 + 8*d**2 + 5*d - 1. Give u(-1).
6
Let o(s) = -s**2 - 10*s + 9. What is o(-12)?
-15
Let r(x) = x**2 - 4*x - 106. Calculate r(-8).
-10
Let c(x) = -72*x - 501. Determine c(-7).
3
Let r(o) = o**3 + 6*o**2 - 2*o - 5. Calculate r(-6).
7
Let b(y) = -2*y**3 - 32*y**2 + 40*y - 17. What is b(-17)?
-119
Let l(w) = 2*w - 1. Give l(3).
5
Let v(t) = t**3 - 15*t**2 - 12*t - 5. Give v(16).
59
Let d(z) = z**2 + 23*z - 18. Determine d(-22).
-40
Let o(d) = -d**2 + 14*d + 113. Calculate o(20).
-7
Let f(c) = 14*c - 1. Calculate f(-4).
-57
Let w(m) = m**3 - m**2 - m - 2. Give w(2).
0
Let z(l) = 2*l**2 + 8*l - 13. Determine z(5).
77
Let z(t) = 3*t**2 - 5*t + 12. Calculate z(2).
14
Let b(c) = 76*c - 540. Give b(7).
-8
Let n(s) = -10*s + 15. Give n(7).
-55
Let v(b) = -27*b**2 - 10*b - 7. Give v(-2).
-95
Let o(g) = g**2 - 10*g + 12. Calculate o(8).
-4
Let n(h) = -h + 6. Give n(-2).
8
Let x(r) = 3*r - 6. What is x(-10)?
-36
Let s(c) = 5*c**2 - 3*c - 2. Calculate s(2).
12
Let f(k) = 3*k + 9. Give f(6).
27
Let s(x) = -5*x - 52. What is s(-7)?
-17
Le